{"id":3298,"date":"2022-09-01T14:44:38","date_gmt":"2022-09-01T13:44:38","guid":{"rendered":"https:\/\/www.clowntheater.ch\/?page_id=3298"},"modified":"2022-11-14T16:43:03","modified_gmt":"2022-11-14T15:43:03","slug":"max-der-stolperkoenig","status":"publish","type":"page","link":"https:\/\/www.clowntheater.ch\/?page_id=3298","title":{"rendered":"Max der Stolperk\u00f6nig"},"content":{"rendered":"\n<p class=\"has-text-align-center\" style=\"font-size:28px\">Ein Theater f\u00fcr alle ab 5 Jahren<\/p>\n\n\n\n<p class=\"has-text-align-center has-white-color has-text-color\" style=\"font-size:20px\">K\u00f6nig Max ist anders als seine Berufskollegen. Er stolpert!  Dies w\u00e4re zwar normal f\u00fcr den K\u00f6nig eines Stolpervolkes. Doch er vergleicht sich mit den andern K\u00f6nigen, die sich so elegant und k\u00f6niglich bewegen. Zu allem \u00dcbel lachen ihn die andern aus! So wehrt er sich mit allen Mitteln gegen sein Ungeschickt sein. Anstatt zu stolpern, probiert er es tollk\u00fchn mit Fliegen, dann mit ewigem Stillsitzen. Aber das Stolpern bleibt. Nur Lili, die kleine Schlossmaus, kann ihm in seiner Verzweiflung helfen, sein Selbstvertrauen wieder zu finden.  Denn, wem gelingt es schon so elegant zu stolpern, ohne auf die Nase zu fliegen? &#8211; Ja nur einem echten Stolperk\u00f6nig!<\/p>\n\n\n\n<p class=\"has-text-align-center\" style=\"font-size:20px\">Ein St\u00fcck \u00fcber das Scheitern, wieder Aufstehen und den Mut zu finden, zu seinem Anders sein stehen zu k\u00f6nnen.<\/p>\n\n\n\n<p class=\"has-text-align-center\" style=\"font-size:20px\">von und mit<br>Hanspeter Allenspach<\/p>\n\n\n\n<p class=\"has-text-align-center\" style=\"font-size:20px\"><a href=\"https:\/\/www.clowntheater.ch\/?page_id=3143\" data-type=\"page\" data-id=\"3143\">Siehe Bilder<\/a><\/p>\n","protected":false},"excerpt":{"rendered":"<p>Ein Theater f\u00fcr alle ab 5 Jahren K\u00f6nig Max ist anders als seine Berufskollegen. Er stolpert! Dies w\u00e4re zwar normal f\u00fcr den<span class=\"more-button\"><a href=\"https:\/\/www.clowntheater.ch\/?page_id=3298\" class=\"more-link more-icon\">Continue reading<span class=\"screen-reader-text\">Max der Stolperk\u00f6nig<\/span><\/a><\/span><\/p>\n","protected":false},"author":1,"featured_media":0,"parent":0,"menu_order":0,"comment_status":"closed","ping_status":"closed","template":"","meta":{"footnotes":""},"class_list":["post-3298","page","type-page","status-publish","hentry"],"_links":{"self":[{"href":"https:\/\/www.clowntheater.ch\/index.php?rest_route=\/wp\/v2\/pages\/3298","targetHints":{"allow":["GET"]}}],"collection":[{"href":"https:\/\/www.clowntheater.ch\/index.php?rest_route=\/wp\/v2\/pages"}],"about":[{"href":"https:\/\/www.clowntheater.ch\/index.php?rest_route=\/wp\/v2\/types\/page"}],"author":[{"embeddable":true,"href":"https:\/\/www.clowntheater.ch\/index.php?rest_route=\/wp\/v2\/users\/1"}],"replies":[{"embeddable":true,"href":"https:\/\/www.clowntheater.ch\/index.php?rest_route=%2Fwp%2Fv2%2Fcomments&post=3298"}],"version-history":[{"count":5,"href":"https:\/\/www.clowntheater.ch\/index.php?rest_route=\/wp\/v2\/pages\/3298\/revisions"}],"predecessor-version":[{"id":3441,"href":"https:\/\/www.clowntheater.ch\/index.php?rest_route=\/wp\/v2\/pages\/3298\/revisions\/3441"}],"wp:attachment":[{"href":"https:\/\/www.clowntheater.ch\/index.php?rest_route=%2Fwp%2Fv2%2Fmedia&parent=3298"}],"curies":[{"name":"wp","href":"https:\/\/api.w.org\/{rel}","templated":true}]}}